{"id":125,"date":"2021-09-04T20:24:46","date_gmt":"2021-09-04T20:24:46","guid":{"rendered":"https:\/\/friede-freude-kindheit.de\/?page_id=125"},"modified":"2021-10-26T10:37:34","modified_gmt":"2021-10-26T10:37:34","slug":"kurse","status":"publish","type":"page","link":"https:\/\/friede-freude-kindheit.de\/?page_id=125","title":{"rendered":"Kurse"},"content":{"rendered":"\n<p>Elternvideo zum Basiskurs<\/p>\n\n\n\n<figure class=\"wp-block-video alignwide\"><video height=\"1080\" style=\"aspect-ratio: 1440 \/ 1080;\" width=\"1440\" controls src=\"https:\/\/friede-freude-kindheit.de\/wp-content\/uploads\/2021\/08\/videozip_1.mp4\"><\/video><\/figure>\n\n\n\n<p>Vor jedem Kurs erhalten die Eltern ein Video, welches ihnen den Sinn, Zweck und Inhalt des Trainings n\u00e4her bringt. Dies erm\u00f6glicht Ihnen nach dem Kurs auf die Erz\u00e4hlungen und vielleicht &#8222;neuen Verhaltensweisen&#8220; der Kinder bestens einzugehen.<\/p>\n\n\n\n<p>Nach dem Kurs stehe ich vor Ort oder digital f\u00fcr Fragen und R\u00fcckmeldungen zur Verf\u00fcgung.<\/p>\n\n\n\n<p>Optional gibt es auch einen Elternabend, indem ich vom Kurs berichte und man in der Gruppe viele Details und Themen besprechen und erfahren kann. Hieraus ergeben sich h\u00e4ufig weiterf\u00fchrende Hilfen; vom Buchtipp \u00fcber gemeinsame Erfahrungen bis hin zum Familiencoaching.<\/p>\n\n\n\n<p><strong>Stimmen nach den Kursen:<\/strong><\/p>\n\n\n\n<p>&#8222;Wieso st\u00fcrmt gerade ein Schwarm M\u00fccken in den Gruppenraum?&#8220; &#8211; Fiona , Erzieherin<\/p>\n\n\n\n<p>&#8222;Der Kleine hat seinen gro\u00dfen, nervenden Bruder heute einfach stehen gelassen, mit den Worten: Du bist voll die M\u00fccke!&#8220;-Sandra , Mama eines Vorschulkindes<\/p>\n\n\n\n<p>&#8222;Der Gro\u00dfe fragt schon, wann Du wieder kommst&#8220; &#8211; Tanja,  Mama eines Grundschulkindes<\/p>\n\n\n\n<p>&#8222;Ich geh einfach weg und lass den stehen wenn mich einer nervt&#8220; &#8211; Felix, 6 Jahre, 2 Wochen nach einem Kita-Kurs<\/p>\n\n\n\n<p>&#8222;Kommt morgen auch wieder Stressika zu uns?&#8220; -Milo, 6 Jahre nach dem ersten Kurstag<\/p>\n\n\n\n<p>&#8222;Wenn mich einer \u00e4rgert hau ich dem eine runter&#8230;.ach ne, das machen L\u00f6wen ja nicht&#8230;.Constantin, 6 Jahre, einige Tage nach dem Kita-Kurs<\/p>\n","protected":false},"excerpt":{"rendered":"<p>Elternvideo zum Basiskurs Vor jedem Kurs erhalten die Eltern ein Video, welches ihnen den Sinn, Zweck und Inhalt des Trainings n\u00e4her bringt. Dies erm\u00f6glicht Ihnen nach dem Kurs auf die Erz\u00e4hlungen und vielleicht &#8222;neuen Verhaltensweisen&#8220; der Kinder bestens einzugehen. Nach [&hellip;]<\/p>\n","protected":false},"author":1,"featured_media":0,"parent":0,"menu_order":0,"comment_status":"closed","ping_status":"closed","template":"","meta":{"footnotes":""},"class_list":["post-125","page","type-page","status-publish","hentry"],"yoast_head":"<!-- This site is optimized with the Yoast SEO plugin v19.13 - https:\/\/yoast.com\/wordpress\/plugins\/seo\/ -->\n<title>Kurse - Friede, Freude, Kindheit<\/title>\n<meta name=\"robots\" content=\"index, follow, max-snippet:-1, max-image-preview:large, max-video-preview:-1\" \/>\n<link rel=\"canonical\" href=\"https:\/\/friede-freude-kindheit.de\/?page_id=125\" \/>\n<meta property=\"og:locale\" content=\"de_DE\" \/>\n<meta property=\"og:type\" content=\"article\" \/>\n<meta property=\"og:title\" content=\"Kurse - Friede, Freude, Kindheit\" \/>\n<meta property=\"og:description\" content=\"Elternvideo zum Basiskurs Vor jedem Kurs erhalten die Eltern ein Video, welches ihnen den Sinn, Zweck und Inhalt des Trainings n\u00e4her bringt. Dies erm\u00f6glicht Ihnen nach dem Kurs auf die Erz\u00e4hlungen und vielleicht &#8222;neuen Verhaltensweisen&#8220; der Kinder bestens einzugehen. Nach [&hellip;]\" \/>\n<meta property=\"og:url\" content=\"https:\/\/friede-freude-kindheit.de\/?page_id=125\" \/>\n<meta property=\"og:site_name\" content=\"Friede, Freude, Kindheit\" \/>\n<meta property=\"article:modified_time\" content=\"2021-10-26T10:37:34+00:00\" \/>\n<meta name=\"twitter:card\" content=\"summary_large_image\" \/>\n<meta name=\"twitter:label1\" content=\"Gesch\u00e4tzte Lesezeit\" \/>\n\t<meta name=\"twitter:data1\" content=\"1\u00a0Minute\" \/>\n<script type=\"application\/ld+json\" class=\"yoast-schema-graph\">{\"@context\":\"https:\/\/schema.org\",\"@graph\":[{\"@type\":\"WebPage\",\"@id\":\"https:\/\/friede-freude-kindheit.de\/?page_id=125\",\"url\":\"https:\/\/friede-freude-kindheit.de\/?page_id=125\",\"name\":\"Kurse - Friede, Freude, Kindheit\",\"isPartOf\":{\"@id\":\"https:\/\/friede-freude-kindheit.de\/#website\"},\"datePublished\":\"2021-09-04T20:24:46+00:00\",\"dateModified\":\"2021-10-26T10:37:34+00:00\",\"breadcrumb\":{\"@id\":\"https:\/\/friede-freude-kindheit.de\/?page_id=125#breadcrumb\"},\"inLanguage\":\"de\",\"potentialAction\":[{\"@type\":\"ReadAction\",\"target\":[\"https:\/\/friede-freude-kindheit.de\/?page_id=125\"]}]},{\"@type\":\"BreadcrumbList\",\"@id\":\"https:\/\/friede-freude-kindheit.de\/?page_id=125#breadcrumb\",\"itemListElement\":[{\"@type\":\"ListItem\",\"position\":1,\"name\":\"Startseite\",\"item\":\"https:\/\/friede-freude-kindheit.de\/\"},{\"@type\":\"ListItem\",\"position\":2,\"name\":\"Kurse\"}]},{\"@type\":\"WebSite\",\"@id\":\"https:\/\/friede-freude-kindheit.de\/#website\",\"url\":\"https:\/\/friede-freude-kindheit.de\/\",\"name\":\"Friede, Freude, Kindheit\",\"description\":\"Anti-Mobbing-Training mal anders\",\"potentialAction\":[{\"@type\":\"SearchAction\",\"target\":{\"@type\":\"EntryPoint\",\"urlTemplate\":\"https:\/\/friede-freude-kindheit.de\/?s={search_term_string}\"},\"query-input\":\"required name=search_term_string\"}],\"inLanguage\":\"de\"}]}<\/script>\n<!-- \/ Yoast SEO plugin. -->","yoast_head_json":{"title":"Kurse - Friede, Freude, Kindheit","robots":{"index":"index","follow":"follow","max-snippet":"max-snippet:-1","max-image-preview":"max-image-preview:large","max-video-preview":"max-video-preview:-1"},"canonical":"https:\/\/friede-freude-kindheit.de\/?page_id=125","og_locale":"de_DE","og_type":"article","og_title":"Kurse - Friede, Freude, Kindheit","og_description":"Elternvideo zum Basiskurs Vor jedem Kurs erhalten die Eltern ein Video, welches ihnen den Sinn, Zweck und Inhalt des Trainings n\u00e4her bringt. Dies erm\u00f6glicht Ihnen nach dem Kurs auf die Erz\u00e4hlungen und vielleicht &#8222;neuen Verhaltensweisen&#8220; der Kinder bestens einzugehen. Nach [&hellip;]","og_url":"https:\/\/friede-freude-kindheit.de\/?page_id=125","og_site_name":"Friede, Freude, Kindheit","article_modified_time":"2021-10-26T10:37:34+00:00","twitter_card":"summary_large_image","twitter_misc":{"Gesch\u00e4tzte Lesezeit":"1\u00a0Minute"},"schema":{"@context":"https:\/\/schema.org","@graph":[{"@type":"WebPage","@id":"https:\/\/friede-freude-kindheit.de\/?page_id=125","url":"https:\/\/friede-freude-kindheit.de\/?page_id=125","name":"Kurse - Friede, Freude, Kindheit","isPartOf":{"@id":"https:\/\/friede-freude-kindheit.de\/#website"},"datePublished":"2021-09-04T20:24:46+00:00","dateModified":"2021-10-26T10:37:34+00:00","breadcrumb":{"@id":"https:\/\/friede-freude-kindheit.de\/?page_id=125#breadcrumb"},"inLanguage":"de","potentialAction":[{"@type":"ReadAction","target":["https:\/\/friede-freude-kindheit.de\/?page_id=125"]}]},{"@type":"BreadcrumbList","@id":"https:\/\/friede-freude-kindheit.de\/?page_id=125#breadcrumb","itemListElement":[{"@type":"ListItem","position":1,"name":"Startseite","item":"https:\/\/friede-freude-kindheit.de\/"},{"@type":"ListItem","position":2,"name":"Kurse"}]},{"@type":"WebSite","@id":"https:\/\/friede-freude-kindheit.de\/#website","url":"https:\/\/friede-freude-kindheit.de\/","name":"Friede, Freude, Kindheit","description":"Anti-Mobbing-Training mal anders","potentialAction":[{"@type":"SearchAction","target":{"@type":"EntryPoint","urlTemplate":"https:\/\/friede-freude-kindheit.de\/?s={search_term_string}"},"query-input":"required name=search_term_string"}],"inLanguage":"de"}]}},"_links":{"self":[{"href":"https:\/\/friede-freude-kindheit.de\/index.php?rest_route=\/wp\/v2\/pages\/125","targetHints":{"allow":["GET"]}}],"collection":[{"href":"https:\/\/friede-freude-kindheit.de\/index.php?rest_route=\/wp\/v2\/pages"}],"about":[{"href":"https:\/\/friede-freude-kindheit.de\/index.php?rest_route=\/wp\/v2\/types\/page"}],"author":[{"embeddable":true,"href":"https:\/\/friede-freude-kindheit.de\/index.php?rest_route=\/wp\/v2\/users\/1"}],"replies":[{"embeddable":true,"href":"https:\/\/friede-freude-kindheit.de\/index.php?rest_route=%2Fwp%2Fv2%2Fcomments&post=125"}],"version-history":[{"count":9,"href":"https:\/\/friede-freude-kindheit.de\/index.php?rest_route=\/wp\/v2\/pages\/125\/revisions"}],"predecessor-version":[{"id":317,"href":"https:\/\/friede-freude-kindheit.de\/index.php?rest_route=\/wp\/v2\/pages\/125\/revisions\/317"}],"wp:attachment":[{"href":"https:\/\/friede-freude-kindheit.de\/index.php?rest_route=%2Fwp%2Fv2%2Fmedia&parent=125"}],"curies":[{"name":"wp","href":"https:\/\/api.w.org\/{rel}","templated":true}]}}