{"id":126,"date":"2021-09-04T20:24:46","date_gmt":"2021-09-04T20:24:46","guid":{"rendered":"https:\/\/friede-freude-kindheit.de\/?page_id=126"},"modified":"2026-02-09T10:27:48","modified_gmt":"2026-02-09T10:27:48","slug":"termine","status":"publish","type":"page","link":"https:\/\/friede-freude-kindheit.de\/?page_id=126","title":{"rendered":"Termine"},"content":{"rendered":"\n<p>Hier findet ihr immer die neuesten Termine f\u00fcr frei buchbare Kurse, unabh\u00e4ngig von Kita\u00b4s oder Schulen im Raum Br\u00fchl, K\u00f6ln, Bonn und Umgebung.<\/p>\n\n\n\n<p>Aktuell biete ich die offenen St\u00e4rkungskurse in den R\u00e4umen der freien ev. Gemeinde Br\u00fchl an. Er dauert einmalig  4 Std. (Samstags 10:00-14:00 Uhr) inkl. Mittagspause und kleinen Pausen, wie die Gruppe es mag. <\/p>\n\n\n\n<p>Der Kurs kann f\u00fcr 59,00 \u20ac pro Kind gebucht werden, ist ein Geschwisterkind mit dabei zahlt dieses nur noch 40,00 \u20ac. (Eltern auf Wunsch kostenfrei dabei)<\/p>\n\n\n\n<p>Aktuelle Termine 2026:<\/p>\n\n\n\n<p>Gemischter Kurs (6-12j): 18. April, 25. April, 19.September, 10.Oktober, 07. November.<\/p>\n\n\n\n<p>Schulstarter-Kurse (Kinder ab Ende 5-7j): in Planung<\/p>\n\n\n\n<p>Bald startet auch wieder der w\u00f6chentliche Kurs, als Erg\u00e4nzung zum Basiskurs <\/p>\n\n\n\n<p>4&#215;1 Stunde die Woche (Teilnahmegeb\u00fchr 60\u20ac) 17:00-18:00.<\/p>\n\n\n\n<p>Hier ist etwas mehr detailierterer Inhalt und Wiederholung m\u00f6glich und eine tolle Sache zum vertiefen und genauerem Eingehen auf die Themen der Kinder.<\/p>\n\n\n\n<p>Meldet euch zur Anmeldung oder bei Fragen gern per WhatsApp bei mir..<\/p>\n\n\n\n<p>Oft besteht auch Nachfrage von Eltern, die sich zusammenschlie\u00dfen, hier biete ich Termine f\u00fcr Gruppen ab 5 Kindern in privaten R\u00e4umen oder Outdoor an.. <\/p>\n\n\n\n<p>Ihr braucht sofort Hilfe bei einem speziellen Thema? <\/p>\n\n\n\n<p>Sprecht mich an.. Im Einzelcoaching kann man sehr viel, sehr schnell erreichen.. Oft reichen 3-4 Termine mit dem Kind bzw. der Familie bei euch zuhause. Dadurch k\u00f6nnen schwerwiegende und traumatisierende Verl\u00e4ufe vermieden werden. Nat\u00fcrlich finden diese Termine immer mit Spa\u1e9e und Leichtigkeit statt.. Denn stark werden soll Spa\u00df machen.. <br><\/p>\n\n\n\n<p>Ihr m\u00f6chtet euren eigenen Kurs buchen? z.B. Als Freundeskreis, Kindergeburtstag oder f\u00fcr eure Jugendarbeit?<\/p>\n\n\n\n<p>Es gibt erste oder schon ernsthafte Schwierigkeiten in der Schule? Dein Kind mobbt oder wird gemobbt, oder auch nur ge\u00e4rgert und braucht bessere Strategien damit umzugehen?<\/p>\n\n\n\n<p>Du f\u00fchlst dich mit deinem Erziehungsstil oder deiner Art mit deinem Kind in Verbindung zu tretten irgendwie nicht authentisch und w\u00fcnscht dir Ver\u00e4nderung?<\/p>\n\n\n\n<p>Euer Familienalltag ist nur noch Stress und Leichtigkeit soll zur\u00fcck kehren?<\/p>\n\n\n\n<p>F\u00fcr Jeden gibt es einen individuellen Weg..- sprecht mich gern an..<\/p>\n\n\n\n<p>Kontaktmail oder per What\u00b4s App:<\/p>\n\n\n\n<p>0177 7188571 <\/p>\n","protected":false},"excerpt":{"rendered":"<p>Hier findet ihr immer die neuesten Termine f\u00fcr frei buchbare Kurse, unabh\u00e4ngig von Kita\u00b4s oder Schulen im Raum Br\u00fchl, K\u00f6ln, Bonn und Umgebung. Aktuell biete ich die offenen St\u00e4rkungskurse in den R\u00e4umen der freien ev. Gemeinde Br\u00fchl an. Er dauert [&hellip;]<\/p>\n","protected":false},"author":1,"featured_media":0,"parent":0,"menu_order":0,"comment_status":"closed","ping_status":"closed","template":"","meta":{"footnotes":""},"class_list":["post-126","page","type-page","status-publish","hentry"],"yoast_head":"<!-- This site is optimized with the Yoast SEO plugin v19.13 - https:\/\/yoast.com\/wordpress\/plugins\/seo\/ -->\n<title>Termine - Friede, Freude, Kindheit<\/title>\n<meta name=\"robots\" content=\"index, follow, max-snippet:-1, max-image-preview:large, max-video-preview:-1\" \/>\n<link rel=\"canonical\" href=\"https:\/\/friede-freude-kindheit.de\/?page_id=126\" \/>\n<meta property=\"og:locale\" content=\"de_DE\" \/>\n<meta property=\"og:type\" content=\"article\" \/>\n<meta property=\"og:title\" content=\"Termine - Friede, Freude, Kindheit\" \/>\n<meta property=\"og:description\" content=\"Hier findet ihr immer die neuesten Termine f\u00fcr frei buchbare Kurse, unabh\u00e4ngig von Kita\u00b4s oder Schulen im Raum Br\u00fchl, K\u00f6ln, Bonn und Umgebung. Aktuell biete ich die offenen St\u00e4rkungskurse in den R\u00e4umen der freien ev. Gemeinde Br\u00fchl an. Er dauert [&hellip;]\" \/>\n<meta property=\"og:url\" content=\"https:\/\/friede-freude-kindheit.de\/?page_id=126\" \/>\n<meta property=\"og:site_name\" content=\"Friede, Freude, Kindheit\" \/>\n<meta property=\"article:modified_time\" content=\"2026-02-09T10:27:48+00:00\" \/>\n<meta name=\"twitter:card\" content=\"summary_large_image\" \/>\n<meta name=\"twitter:label1\" content=\"Gesch\u00e4tzte Lesezeit\" \/>\n\t<meta name=\"twitter:data1\" content=\"2\u00a0Minuten\" \/>\n<script type=\"application\/ld+json\" class=\"yoast-schema-graph\">{\"@context\":\"https:\/\/schema.org\",\"@graph\":[{\"@type\":\"WebPage\",\"@id\":\"https:\/\/friede-freude-kindheit.de\/?page_id=126\",\"url\":\"https:\/\/friede-freude-kindheit.de\/?page_id=126\",\"name\":\"Termine - Friede, Freude, Kindheit\",\"isPartOf\":{\"@id\":\"https:\/\/friede-freude-kindheit.de\/#website\"},\"datePublished\":\"2021-09-04T20:24:46+00:00\",\"dateModified\":\"2026-02-09T10:27:48+00:00\",\"breadcrumb\":{\"@id\":\"https:\/\/friede-freude-kindheit.de\/?page_id=126#breadcrumb\"},\"inLanguage\":\"de\",\"potentialAction\":[{\"@type\":\"ReadAction\",\"target\":[\"https:\/\/friede-freude-kindheit.de\/?page_id=126\"]}]},{\"@type\":\"BreadcrumbList\",\"@id\":\"https:\/\/friede-freude-kindheit.de\/?page_id=126#breadcrumb\",\"itemListElement\":[{\"@type\":\"ListItem\",\"position\":1,\"name\":\"Startseite\",\"item\":\"https:\/\/friede-freude-kindheit.de\/\"},{\"@type\":\"ListItem\",\"position\":2,\"name\":\"Termine\"}]},{\"@type\":\"WebSite\",\"@id\":\"https:\/\/friede-freude-kindheit.de\/#website\",\"url\":\"https:\/\/friede-freude-kindheit.de\/\",\"name\":\"Friede, Freude, Kindheit\",\"description\":\"Anti-Mobbing-Training mal anders\",\"potentialAction\":[{\"@type\":\"SearchAction\",\"target\":{\"@type\":\"EntryPoint\",\"urlTemplate\":\"https:\/\/friede-freude-kindheit.de\/?s={search_term_string}\"},\"query-input\":\"required name=search_term_string\"}],\"inLanguage\":\"de\"}]}<\/script>\n<!-- \/ Yoast SEO plugin. -->","yoast_head_json":{"title":"Termine - Friede, Freude, Kindheit","robots":{"index":"index","follow":"follow","max-snippet":"max-snippet:-1","max-image-preview":"max-image-preview:large","max-video-preview":"max-video-preview:-1"},"canonical":"https:\/\/friede-freude-kindheit.de\/?page_id=126","og_locale":"de_DE","og_type":"article","og_title":"Termine - Friede, Freude, Kindheit","og_description":"Hier findet ihr immer die neuesten Termine f\u00fcr frei buchbare Kurse, unabh\u00e4ngig von Kita\u00b4s oder Schulen im Raum Br\u00fchl, K\u00f6ln, Bonn und Umgebung. Aktuell biete ich die offenen St\u00e4rkungskurse in den R\u00e4umen der freien ev. Gemeinde Br\u00fchl an. Er dauert [&hellip;]","og_url":"https:\/\/friede-freude-kindheit.de\/?page_id=126","og_site_name":"Friede, Freude, Kindheit","article_modified_time":"2026-02-09T10:27:48+00:00","twitter_card":"summary_large_image","twitter_misc":{"Gesch\u00e4tzte Lesezeit":"2\u00a0Minuten"},"schema":{"@context":"https:\/\/schema.org","@graph":[{"@type":"WebPage","@id":"https:\/\/friede-freude-kindheit.de\/?page_id=126","url":"https:\/\/friede-freude-kindheit.de\/?page_id=126","name":"Termine - Friede, Freude, Kindheit","isPartOf":{"@id":"https:\/\/friede-freude-kindheit.de\/#website"},"datePublished":"2021-09-04T20:24:46+00:00","dateModified":"2026-02-09T10:27:48+00:00","breadcrumb":{"@id":"https:\/\/friede-freude-kindheit.de\/?page_id=126#breadcrumb"},"inLanguage":"de","potentialAction":[{"@type":"ReadAction","target":["https:\/\/friede-freude-kindheit.de\/?page_id=126"]}]},{"@type":"BreadcrumbList","@id":"https:\/\/friede-freude-kindheit.de\/?page_id=126#breadcrumb","itemListElement":[{"@type":"ListItem","position":1,"name":"Startseite","item":"https:\/\/friede-freude-kindheit.de\/"},{"@type":"ListItem","position":2,"name":"Termine"}]},{"@type":"WebSite","@id":"https:\/\/friede-freude-kindheit.de\/#website","url":"https:\/\/friede-freude-kindheit.de\/","name":"Friede, Freude, Kindheit","description":"Anti-Mobbing-Training mal anders","potentialAction":[{"@type":"SearchAction","target":{"@type":"EntryPoint","urlTemplate":"https:\/\/friede-freude-kindheit.de\/?s={search_term_string}"},"query-input":"required name=search_term_string"}],"inLanguage":"de"}]}},"_links":{"self":[{"href":"https:\/\/friede-freude-kindheit.de\/index.php?rest_route=\/wp\/v2\/pages\/126","targetHints":{"allow":["GET"]}}],"collection":[{"href":"https:\/\/friede-freude-kindheit.de\/index.php?rest_route=\/wp\/v2\/pages"}],"about":[{"href":"https:\/\/friede-freude-kindheit.de\/index.php?rest_route=\/wp\/v2\/types\/page"}],"author":[{"embeddable":true,"href":"https:\/\/friede-freude-kindheit.de\/index.php?rest_route=\/wp\/v2\/users\/1"}],"replies":[{"embeddable":true,"href":"https:\/\/friede-freude-kindheit.de\/index.php?rest_route=%2Fwp%2Fv2%2Fcomments&post=126"}],"version-history":[{"count":27,"href":"https:\/\/friede-freude-kindheit.de\/index.php?rest_route=\/wp\/v2\/pages\/126\/revisions"}],"predecessor-version":[{"id":466,"href":"https:\/\/friede-freude-kindheit.de\/index.php?rest_route=\/wp\/v2\/pages\/126\/revisions\/466"}],"wp:attachment":[{"href":"https:\/\/friede-freude-kindheit.de\/index.php?rest_route=%2Fwp%2Fv2%2Fmedia&parent=126"}],"curies":[{"name":"wp","href":"https:\/\/api.w.org\/{rel}","templated":true}]}}

<p>Hier findet ihr immer die neuesten Termine für frei buchbare Kurse, unabhängig von Kita´s oder Schulen im Raum Brühl, Köln, Bonn und Umgebung.</p>



<p>Aktuell biete ich die offenen Stärkungskurse in den Räumen der freien ev. Gemeinde Brühl an. Er dauert einmalig  4 Std. (Samstags 10:00-14:00 Uhr) inkl. Mittagspause und kleinen Pausen, wie die Gruppe es mag. </p>



<p>Der Kurs kann für 59,00 € pro Kind gebucht werden, ist ein Geschwisterkind mit dabei zahlt dieses nur noch 40,00 €. (Eltern auf Wunsch kostenfrei dabei)</p>



<p>Aktuelle Termine 2026:</p>



<p>Gemischter Kurs (6-12j): 18. April, 25. April, 19.September, 10.Oktober, 07. November.</p>



<p>Schulstarter-Kurse (Kinder ab Ende 5-7j): in Planung</p>



<p>Bald startet auch wieder der wöchentliche Kurs, als Ergänzung zum Basiskurs </p>



<p>4&#215;1 Stunde die Woche (Teilnahmegebühr 60€) 17:00-18:00.</p>



<p>Hier ist etwas mehr detailierterer Inhalt und Wiederholung möglich und eine tolle Sache zum vertiefen und genauerem Eingehen auf die Themen der Kinder.</p>



<p>Meldet euch zur Anmeldung oder bei Fragen gern per WhatsApp bei mir..</p>



<p>Oft besteht auch Nachfrage von Eltern, die sich zusammenschließen, hier biete ich Termine für Gruppen ab 5 Kindern in privaten Räumen oder Outdoor an.. </p>



<p>Ihr braucht sofort Hilfe bei einem speziellen Thema? </p>



<p>Sprecht mich an.. Im Einzelcoaching kann man sehr viel, sehr schnell erreichen.. Oft reichen 3-4 Termine mit dem Kind bzw. der Familie bei euch zuhause. Dadurch können schwerwiegende und traumatisierende Verläufe vermieden werden. Natürlich finden diese Termine immer mit Spaẞ und Leichtigkeit statt.. Denn stark werden soll Spaß machen.. <br></p>



<p>Ihr möchtet euren eigenen Kurs buchen? z.B. Als Freundeskreis, Kindergeburtstag oder für eure Jugendarbeit?</p>



<p>Es gibt erste oder schon ernsthafte Schwierigkeiten in der Schule? Dein Kind mobbt oder wird gemobbt, oder auch nur geärgert und braucht bessere Strategien damit umzugehen?</p>



<p>Du fühlst dich mit deinem Erziehungsstil oder deiner Art mit deinem Kind in Verbindung zu tretten irgendwie nicht authentisch und wünscht dir Veränderung?</p>



<p>Euer Familienalltag ist nur noch Stress und Leichtigkeit soll zurück kehren?</p>



<p>Für Jeden gibt es einen individuellen Weg..- sprecht mich gern an..</p>



<p>Kontaktmail oder per What´s App:</p>



<p>0177 7188571 </p>

<p>Hier findet ihr immer die neuesten Termine für frei buchbare Kurse, unabhängig von Kita´s oder Schulen im Raum Brühl, Köln, Bonn und Umgebung. Aktuell biete ich die offenen Stärkungskurse in den Räumen der freien ev. Gemeinde Brühl an. Er dauert [&hellip;]</p>

<!-- This site is optimized with the Yoast SEO plugin v19.13 - https://yoast.com/wordpress/plugins/seo/ -->
<title>Termine - Friede, Freude, Kindheit</title>
<meta name="robots" content="index, follow, max-snippet:-1, max-image-preview:large, max-video-preview:-1" />
<link rel="canonical" href="https://friede-freude-kindheit.de/?page_id=126" />
<meta property="og:locale" content="de_DE" />
<meta property="og:type" content="article" />
<meta property="og:title" content="Termine - Friede, Freude, Kindheit" />
<meta property="og:description" content="Hier findet ihr immer die neuesten Termine für frei buchbare Kurse, unabhängig von Kita´s oder Schulen im Raum Brühl, Köln, Bonn und Umgebung. Aktuell biete ich die offenen Stärkungskurse in den Räumen der freien ev. Gemeinde Brühl an. Er dauert [&hellip;]" />
<meta property="og:url" content="https://friede-freude-kindheit.de/?page_id=126" />
<meta property="og:site_name" content="Friede, Freude, Kindheit" />
<meta property="article:modified_time" content="2026-02-09T10:27:48+00:00" />
<meta name="twitter:card" content="summary_large_image" />
<meta name="twitter:label1" content="Geschätzte Lesezeit" />
	<meta name="twitter:data1" content="2 Minuten" />
<script type="application/ld+json" class="yoast-schema-graph">{"@context":"https://schema.org","@graph":[{"@type":"WebPage","@id":"https://friede-freude-kindheit.de/?page_id=126","url":"https://friede-freude-kindheit.de/?page_id=126","name":"Termine - Friede, Freude, Kindheit","isPartOf":{"@id":"https://friede-freude-kindheit.de/#website"},"datePublished":"2021-09-04T20:24:46+00:00","dateModified":"2026-02-09T10:27:48+00:00","breadcrumb":{"@id":"https://friede-freude-kindheit.de/?page_id=126#breadcrumb"},"inLanguage":"de","potentialAction":[{"@type":"ReadAction","target":["https://friede-freude-kindheit.de/?page_id=126"]}]},{"@type":"BreadcrumbList","@id":"https://friede-freude-kindheit.de/?page_id=126#breadcrumb","itemListElement":[{"@type":"ListItem","position":1,"name":"Startseite","item":"https://friede-freude-kindheit.de/"},{"@type":"ListItem","position":2,"name":"Termine"}]},{"@type":"WebSite","@id":"https://friede-freude-kindheit.de/#website","url":"https://friede-freude-kindheit.de/","name":"Friede, Freude, Kindheit","description":"Anti-Mobbing-Training mal anders","potentialAction":[{"@type":"SearchAction","target":{"@type":"EntryPoint","urlTemplate":"https://friede-freude-kindheit.de/?s={search_term_string}"},"query-input":"required name=search_term_string"}],"inLanguage":"de"}]}</script>
<!-- / Yoast SEO plugin. -->

Hier findet ihr immer die neuesten Termine für frei buchbare Kurse, unabhängig von Kita´s oder Schulen im Raum Brühl, Köln, Bonn und Umgebung. Aktuell biete ich die offenen Stärkungskurse in den Räumen der freien ev. Gemeinde Brühl an. Er dauert [&hellip;]
