{"id":51,"date":"2021-08-08T09:51:00","date_gmt":"2021-08-08T09:51:00","guid":{"rendered":"https:\/\/friede-freude-kindheit.de\/?page_id=51"},"modified":"2023-09-13T20:15:40","modified_gmt":"2023-09-13T20:15:40","slug":"ueber-uns","status":"publish","type":"page","link":"https:\/\/friede-freude-kindheit.de\/?page_id=51","title":{"rendered":"\u00dcber mich"},"content":{"rendered":"\n<figure class=\"wp-block-image size-large\"><img loading=\"lazy\" decoding=\"async\" width=\"1024\" height=\"683\" src=\"https:\/\/friede-freude-kindheit.de\/wp-content\/uploads\/2023\/03\/DSC02871-1024x683.jpg\" alt=\"\" class=\"wp-image-376\" srcset=\"https:\/\/friede-freude-kindheit.de\/wp-content\/uploads\/2023\/03\/DSC02871-1024x683.jpg 1024w, https:\/\/friede-freude-kindheit.de\/wp-content\/uploads\/2023\/03\/DSC02871-300x200.jpg 300w, https:\/\/friede-freude-kindheit.de\/wp-content\/uploads\/2023\/03\/DSC02871-768x512.jpg 768w, https:\/\/friede-freude-kindheit.de\/wp-content\/uploads\/2023\/03\/DSC02871-1536x1024.jpg 1536w, https:\/\/friede-freude-kindheit.de\/wp-content\/uploads\/2023\/03\/DSC02871-2048x1365.jpg 2048w\" sizes=\"auto, (max-width: 1024px) 100vw, 1024px\" \/><\/figure>\n\n\n\n<p><strong>Astrid Reutter <\/strong><\/p>\n\n\n\n<p><strong>Jahrgang 1977<\/strong><\/p>\n\n\n\n<p><strong>Mutter eines&nbsp;kleinen Jungen (geb. 2017)<\/strong><\/p>\n\n\n\n<p><strong>Anti-Mobbing und Resilienz-Coach  nach dem \u201eStark auch ohne Muckis&#8220;- Konzept. <\/strong><\/p>\n\n\n\n<p><strong>Beraterin zur bed\u00fcrfnisorientierten Kommunikation innerhalb der Familie<\/strong><\/p>\n\n\n\n<p><\/p>\n\n\n\n<p>Durch eigene Mobbing-Erlebnisse in der Schulzeit zwischen dem 6. und 8. Schuljahr, wei\u00df ich um die immensen Auswirkungen solcher Ereignisse. Mein Selbstbild wurde durch die Ausgrenzung, die verbale und teilweise auch k\u00f6rperliche Gewalt, bis heute beeinflusst und gepr\u00e4gt. <\/p>\n\n\n\n<p>Allein dies zu erkennen war ein jahrelanger Prozess. Es aufzul\u00f6sen ist wohl ein lebenslanger&#8230;<\/p>\n\n\n\n<p>Heute finden solche, meist v\u00f6llig banal beginnenden, Situationen oft schon im Vorschulalter statt. Ich erlebte auf ganz subtile Weise im ersten Kitajahr meines 3 j\u00e4hrigen Sohnes, wie sehr ihn &#8222;v\u00f6llig harmlose&#8220; Situationen (f\u00fcr uns Erwachsene) stressten, so dass er nicht mehr in die Kita wollte.<\/p>\n\n\n\n<p>Ich begann zu verstehen; schon von Anfang an m\u00fcssen Kinder lernen sich selber wahrzunehmen und sich in allen Instanzen selber ok zu finden.. unabh\u00e4ngig von anderen Meinungen. <\/p>\n\n\n\n<p>Intuitiv arbeitete ich mit meinem Sohn daran, sein Selbstwert aufzubauen und Meinungen auch nur als solche wahr zunehmen.. So fand ich dann zur Ausbildung nach dem &#8222;<a rel=\"noreferrer noopener\" href=\"https:\/\/starkauchohnemuckis.de\/kitas-grundschulen\/\" data-type=\"URL\" data-id=\"https:\/\/starkauchohnemuckis.de\/kitas-grundschulen\/\" target=\"_blank\">Stark auch ohne Muckis<\/a>&#8220; Konzept von Daniel Duddek.<\/p>\n\n\n\n<p>P\u00e4dagogisch, aber auch am t\u00e4glichen Leben erarbeitet, holte es mich zu 100 % ab. So beschloss ich dies, nicht nur f\u00fcr meinen Sohn, sondern f\u00fcr mich und so viele Kinder wie m\u00f6glich zu machen.<\/p>\n\n\n\n<p>Ich sp\u00fcrte immer schon, dass Freude verbreiten und Gerechtigkeit schaffen mir w\u00e4hrend der Arbeit unglaublich wichtig ist. <strong>Heute kann ich dies, den Inhalt meiner Arbeit nennen und sagen : &#8222;Ich mache was mir am Herzen liegt&#8220;. <\/strong><\/p>\n\n\n\n<p>Seit dem unterst\u00fctze ich Kitas, Schulen und Eltern darin, Kinder zu st\u00e4rken. Ihre Gef\u00fchle und F\u00e4higkeiten kennen zu lernen und diese zu leben -der beste Schutz vor \u00dcbergriffen jeder Art und der einzige Kompass um gl\u00fccklich durchs Leben zu gehen. Denn kein Kind sollte es erleben Opfer zu sein. <\/p>\n\n\n\n<p><\/p>\n\n\n\n<blockquote class=\"wp-block-quote is-layout-flow wp-block-quote-is-layout-flow\">\n<p><strong>&#8222;Auch der weiteste Weg beginnt mit dem ersten Schritt&#8220;<\/strong><\/p>\n<cite>Konfuzius *551 v. Chr. \u2020479 v. Chr. Chinesicher Philosoph&nbsp;<\/cite><\/blockquote>\n\n\n\n<p><\/p>\n\n\n\n<p><\/p>\n","protected":false},"excerpt":{"rendered":"<p>Astrid Reutter Jahrgang 1977 Mutter eines&nbsp;kleinen Jungen (geb. 2017) Anti-Mobbing und Resilienz-Coach nach dem \u201eStark auch ohne Muckis&#8220;- Konzept. Beraterin zur bed\u00fcrfnisorientierten Kommunikation innerhalb der Familie Durch eigene Mobbing-Erlebnisse in der Schulzeit zwischen dem 6. und 8. Schuljahr, wei\u00df ich [&hellip;]<\/p>\n","protected":false},"author":1,"featured_media":0,"parent":0,"menu_order":0,"comment_status":"closed","ping_status":"closed","template":"","meta":{"footnotes":""},"class_list":["post-51","page","type-page","status-publish","hentry"],"yoast_head":"<!-- This site is optimized with the Yoast SEO plugin v19.13 - https:\/\/yoast.com\/wordpress\/plugins\/seo\/ -->\n<title>\u00dcber mich Friede, Freude, Kindheit Astrid Reutter, Anti-Mobbing,<\/title>\n<meta name=\"description\" content=\"Titel der Website, Kinder st\u00e4rken,Stark auch ohne Muckis, Astrid Reutter, K\u00f6lnBr\u00fchl, Mobbing,Resilienz,Anti-Mobbing Training,Familienberater,\" \/>\n<meta name=\"robots\" content=\"index, follow, max-snippet:-1, max-image-preview:large, max-video-preview:-1\" \/>\n<link rel=\"canonical\" href=\"https:\/\/friede-freude-kindheit.de\/?page_id=51\" \/>\n<meta property=\"og:locale\" content=\"de_DE\" \/>\n<meta property=\"og:type\" content=\"article\" \/>\n<meta property=\"og:title\" content=\"\u00dcber mich Friede, Freude, Kindheit Astrid Reutter, Anti-Mobbing,\" \/>\n<meta property=\"og:description\" content=\"Titel der Website, Kinder st\u00e4rken,Stark auch ohne Muckis, Astrid Reutter, K\u00f6lnBr\u00fchl, Mobbing,Resilienz,Anti-Mobbing Training,Familienberater,\" \/>\n<meta property=\"og:url\" content=\"https:\/\/friede-freude-kindheit.de\/?page_id=51\" \/>\n<meta property=\"og:site_name\" content=\"Friede, Freude, Kindheit\" \/>\n<meta property=\"article:modified_time\" content=\"2023-09-13T20:15:40+00:00\" \/>\n<meta property=\"og:image\" content=\"https:\/\/friede-freude-kindheit.de\/wp-content\/uploads\/2023\/03\/DSC02871-1024x683.jpg\" \/>\n<meta name=\"twitter:card\" content=\"summary_large_image\" \/>\n<meta name=\"twitter:label1\" content=\"Gesch\u00e4tzte Lesezeit\" \/>\n\t<meta name=\"twitter:data1\" content=\"2\u00a0Minuten\" \/>\n<script type=\"application\/ld+json\" class=\"yoast-schema-graph\">{\"@context\":\"https:\/\/schema.org\",\"@graph\":[{\"@type\":\"WebPage\",\"@id\":\"https:\/\/friede-freude-kindheit.de\/?page_id=51\",\"url\":\"https:\/\/friede-freude-kindheit.de\/?page_id=51\",\"name\":\"\u00dcber mich Friede, Freude, Kindheit Astrid Reutter, Anti-Mobbing,\",\"isPartOf\":{\"@id\":\"https:\/\/friede-freude-kindheit.de\/#website\"},\"datePublished\":\"2021-08-08T09:51:00+00:00\",\"dateModified\":\"2023-09-13T20:15:40+00:00\",\"description\":\"Titel der Website, Kinder st\u00e4rken,Stark auch ohne Muckis, Astrid Reutter, K\u00f6lnBr\u00fchl, Mobbing,Resilienz,Anti-Mobbing Training,Familienberater,\",\"breadcrumb\":{\"@id\":\"https:\/\/friede-freude-kindheit.de\/?page_id=51#breadcrumb\"},\"inLanguage\":\"de\",\"potentialAction\":[{\"@type\":\"ReadAction\",\"target\":[\"https:\/\/friede-freude-kindheit.de\/?page_id=51\"]}]},{\"@type\":\"BreadcrumbList\",\"@id\":\"https:\/\/friede-freude-kindheit.de\/?page_id=51#breadcrumb\",\"itemListElement\":[{\"@type\":\"ListItem\",\"position\":1,\"name\":\"Startseite\",\"item\":\"https:\/\/friede-freude-kindheit.de\/\"},{\"@type\":\"ListItem\",\"position\":2,\"name\":\"\u00dcber mich\"}]},{\"@type\":\"WebSite\",\"@id\":\"https:\/\/friede-freude-kindheit.de\/#website\",\"url\":\"https:\/\/friede-freude-kindheit.de\/\",\"name\":\"Friede, Freude, Kindheit\",\"description\":\"Anti-Mobbing-Training mal anders\",\"potentialAction\":[{\"@type\":\"SearchAction\",\"target\":{\"@type\":\"EntryPoint\",\"urlTemplate\":\"https:\/\/friede-freude-kindheit.de\/?s={search_term_string}\"},\"query-input\":\"required name=search_term_string\"}],\"inLanguage\":\"de\"}]}<\/script>\n<!-- \/ Yoast SEO plugin. -->","yoast_head_json":{"title":"\u00dcber mich Friede, Freude, Kindheit Astrid Reutter, Anti-Mobbing,","description":"Titel der Website, Kinder st\u00e4rken,Stark auch ohne Muckis, Astrid Reutter, K\u00f6lnBr\u00fchl, Mobbing,Resilienz,Anti-Mobbing Training,Familienberater,","robots":{"index":"index","follow":"follow","max-snippet":"max-snippet:-1","max-image-preview":"max-image-preview:large","max-video-preview":"max-video-preview:-1"},"canonical":"https:\/\/friede-freude-kindheit.de\/?page_id=51","og_locale":"de_DE","og_type":"article","og_title":"\u00dcber mich Friede, Freude, Kindheit Astrid Reutter, Anti-Mobbing,","og_description":"Titel der Website, Kinder st\u00e4rken,Stark auch ohne Muckis, Astrid Reutter, K\u00f6lnBr\u00fchl, Mobbing,Resilienz,Anti-Mobbing Training,Familienberater,","og_url":"https:\/\/friede-freude-kindheit.de\/?page_id=51","og_site_name":"Friede, Freude, Kindheit","article_modified_time":"2023-09-13T20:15:40+00:00","og_image":[{"url":"https:\/\/friede-freude-kindheit.de\/wp-content\/uploads\/2023\/03\/DSC02871-1024x683.jpg"}],"twitter_card":"summary_large_image","twitter_misc":{"Gesch\u00e4tzte Lesezeit":"2\u00a0Minuten"},"schema":{"@context":"https:\/\/schema.org","@graph":[{"@type":"WebPage","@id":"https:\/\/friede-freude-kindheit.de\/?page_id=51","url":"https:\/\/friede-freude-kindheit.de\/?page_id=51","name":"\u00dcber mich Friede, Freude, Kindheit Astrid Reutter, Anti-Mobbing,","isPartOf":{"@id":"https:\/\/friede-freude-kindheit.de\/#website"},"datePublished":"2021-08-08T09:51:00+00:00","dateModified":"2023-09-13T20:15:40+00:00","description":"Titel der Website, Kinder st\u00e4rken,Stark auch ohne Muckis, Astrid Reutter, K\u00f6lnBr\u00fchl, Mobbing,Resilienz,Anti-Mobbing Training,Familienberater,","breadcrumb":{"@id":"https:\/\/friede-freude-kindheit.de\/?page_id=51#breadcrumb"},"inLanguage":"de","potentialAction":[{"@type":"ReadAction","target":["https:\/\/friede-freude-kindheit.de\/?page_id=51"]}]},{"@type":"BreadcrumbList","@id":"https:\/\/friede-freude-kindheit.de\/?page_id=51#breadcrumb","itemListElement":[{"@type":"ListItem","position":1,"name":"Startseite","item":"https:\/\/friede-freude-kindheit.de\/"},{"@type":"ListItem","position":2,"name":"\u00dcber mich"}]},{"@type":"WebSite","@id":"https:\/\/friede-freude-kindheit.de\/#website","url":"https:\/\/friede-freude-kindheit.de\/","name":"Friede, Freude, Kindheit","description":"Anti-Mobbing-Training mal anders","potentialAction":[{"@type":"SearchAction","target":{"@type":"EntryPoint","urlTemplate":"https:\/\/friede-freude-kindheit.de\/?s={search_term_string}"},"query-input":"required name=search_term_string"}],"inLanguage":"de"}]}},"_links":{"self":[{"href":"https:\/\/friede-freude-kindheit.de\/index.php?rest_route=\/wp\/v2\/pages\/51","targetHints":{"allow":["GET"]}}],"collection":[{"href":"https:\/\/friede-freude-kindheit.de\/index.php?rest_route=\/wp\/v2\/pages"}],"about":[{"href":"https:\/\/friede-freude-kindheit.de\/index.php?rest_route=\/wp\/v2\/types\/page"}],"author":[{"embeddable":true,"href":"https:\/\/friede-freude-kindheit.de\/index.php?rest_route=\/wp\/v2\/users\/1"}],"replies":[{"embeddable":true,"href":"https:\/\/friede-freude-kindheit.de\/index.php?rest_route=%2Fwp%2Fv2%2Fcomments&post=51"}],"version-history":[{"count":16,"href":"https:\/\/friede-freude-kindheit.de\/index.php?rest_route=\/wp\/v2\/pages\/51\/revisions"}],"predecessor-version":[{"id":426,"href":"https:\/\/friede-freude-kindheit.de\/index.php?rest_route=\/wp\/v2\/pages\/51\/revisions\/426"}],"wp:attachment":[{"href":"https:\/\/friede-freude-kindheit.de\/index.php?rest_route=%2Fwp%2Fv2%2Fmedia&parent=51"}],"curies":[{"name":"wp","href":"https:\/\/api.w.org\/{rel}","templated":true}]}}

Über mich

<figure class="wp-block-image size-large"><img loading="lazy" decoding="async" width="1024" height="683" src="https://friede-freude-kindheit.de/wp-content/uploads/2023/03/DSC02871-1024x683.jpg" alt="" class="wp-image-376" srcset="https://friede-freude-kindheit.de/wp-content/uploads/2023/03/DSC02871-1024x683.jpg 1024w, https://friede-freude-kindheit.de/wp-content/uploads/2023/03/DSC02871-300x200.jpg 300w, https://friede-freude-kindheit.de/wp-content/uploads/2023/03/DSC02871-768x512.jpg 768w, https://friede-freude-kindheit.de/wp-content/uploads/2023/03/DSC02871-1536x1024.jpg 1536w, https://friede-freude-kindheit.de/wp-content/uploads/2023/03/DSC02871-2048x1365.jpg 2048w" sizes="auto, (max-width: 1024px) 100vw, 1024px" /></figure>



<p><strong>Astrid Reutter </strong></p>



<p><strong>Jahrgang 1977</strong></p>



<p><strong>Mutter eines&nbsp;kleinen Jungen (geb. 2017)</strong></p>



<p><strong>Anti-Mobbing und Resilienz-Coach  nach dem „Stark auch ohne Muckis&#8220;- Konzept. </strong></p>



<p><strong>Beraterin zur bedürfnisorientierten Kommunikation innerhalb der Familie</strong></p>



<p></p>



<p>Durch eigene Mobbing-Erlebnisse in der Schulzeit zwischen dem 6. und 8. Schuljahr, weiß ich um die immensen Auswirkungen solcher Ereignisse. Mein Selbstbild wurde durch die Ausgrenzung, die verbale und teilweise auch körperliche Gewalt, bis heute beeinflusst und geprägt. </p>



<p>Allein dies zu erkennen war ein jahrelanger Prozess. Es aufzulösen ist wohl ein lebenslanger&#8230;</p>



<p>Heute finden solche, meist völlig banal beginnenden, Situationen oft schon im Vorschulalter statt. Ich erlebte auf ganz subtile Weise im ersten Kitajahr meines 3 jährigen Sohnes, wie sehr ihn &#8222;völlig harmlose&#8220; Situationen (für uns Erwachsene) stressten, so dass er nicht mehr in die Kita wollte.</p>



<p>Ich begann zu verstehen; schon von Anfang an müssen Kinder lernen sich selber wahrzunehmen und sich in allen Instanzen selber ok zu finden.. unabhängig von anderen Meinungen. </p>



<p>Intuitiv arbeitete ich mit meinem Sohn daran, sein Selbstwert aufzubauen und Meinungen auch nur als solche wahr zunehmen.. So fand ich dann zur Ausbildung nach dem &#8222;<a rel="noreferrer noopener" href="https://starkauchohnemuckis.de/kitas-grundschulen/" data-type="URL" data-id="https://starkauchohnemuckis.de/kitas-grundschulen/" target="_blank">Stark auch ohne Muckis</a>&#8220; Konzept von Daniel Duddek.</p>



<p>Pädagogisch, aber auch am täglichen Leben erarbeitet, holte es mich zu 100 % ab. So beschloss ich dies, nicht nur für meinen Sohn, sondern für mich und so viele Kinder wie möglich zu machen.</p>



<p>Ich spürte immer schon, dass Freude verbreiten und Gerechtigkeit schaffen mir während der Arbeit unglaublich wichtig ist. <strong>Heute kann ich dies, den Inhalt meiner Arbeit nennen und sagen : &#8222;Ich mache was mir am Herzen liegt&#8220;. </strong></p>



<p>Seit dem unterstütze ich Kitas, Schulen und Eltern darin, Kinder zu stärken. Ihre Gefühle und Fähigkeiten kennen zu lernen und diese zu leben -der beste Schutz vor Übergriffen jeder Art und der einzige Kompass um glücklich durchs Leben zu gehen. Denn kein Kind sollte es erleben Opfer zu sein. </p>



<p></p>



<blockquote class="wp-block-quote is-layout-flow wp-block-quote-is-layout-flow">
<p><strong>&#8222;Auch der weiteste Weg beginnt mit dem ersten Schritt&#8220;</strong></p>
<cite>Konfuzius *551 v. Chr. †479 v. Chr. Chinesicher Philosoph&nbsp;</cite></blockquote>



<p></p>



<p></p>

<p>Astrid Reutter Jahrgang 1977 Mutter eines&nbsp;kleinen Jungen (geb. 2017) Anti-Mobbing und Resilienz-Coach nach dem „Stark auch ohne Muckis&#8220;- Konzept. Beraterin zur bedürfnisorientierten Kommunikation innerhalb der Familie Durch eigene Mobbing-Erlebnisse in der Schulzeit zwischen dem 6. und 8. Schuljahr, weiß ich [&hellip;]</p>

<!-- This site is optimized with the Yoast SEO plugin v19.13 - https://yoast.com/wordpress/plugins/seo/ -->
<title>Über mich Friede, Freude, Kindheit Astrid Reutter, Anti-Mobbing,</title>
<meta name="description" content="Titel der Website, Kinder stärken,Stark auch ohne Muckis, Astrid Reutter, KölnBrühl, Mobbing,Resilienz,Anti-Mobbing Training,Familienberater," />
<meta name="robots" content="index, follow, max-snippet:-1, max-image-preview:large, max-video-preview:-1" />
<link rel="canonical" href="https://friede-freude-kindheit.de/?page_id=51" />
<meta property="og:locale" content="de_DE" />
<meta property="og:type" content="article" />
<meta property="og:title" content="Über mich Friede, Freude, Kindheit Astrid Reutter, Anti-Mobbing," />
<meta property="og:description" content="Titel der Website, Kinder stärken,Stark auch ohne Muckis, Astrid Reutter, KölnBrühl, Mobbing,Resilienz,Anti-Mobbing Training,Familienberater," />
<meta property="og:url" content="https://friede-freude-kindheit.de/?page_id=51" />
<meta property="og:site_name" content="Friede, Freude, Kindheit" />
<meta property="article:modified_time" content="2023-09-13T20:15:40+00:00" />
<meta property="og:image" content="https://friede-freude-kindheit.de/wp-content/uploads/2023/03/DSC02871-1024x683.jpg" />
<meta name="twitter:card" content="summary_large_image" />
<meta name="twitter:label1" content="Geschätzte Lesezeit" />
	<meta name="twitter:data1" content="2 Minuten" />
<script type="application/ld+json" class="yoast-schema-graph">{"@context":"https://schema.org","@graph":[{"@type":"WebPage","@id":"https://friede-freude-kindheit.de/?page_id=51","url":"https://friede-freude-kindheit.de/?page_id=51","name":"Über mich Friede, Freude, Kindheit Astrid Reutter, Anti-Mobbing,","isPartOf":{"@id":"https://friede-freude-kindheit.de/#website"},"datePublished":"2021-08-08T09:51:00+00:00","dateModified":"2023-09-13T20:15:40+00:00","description":"Titel der Website, Kinder stärken,Stark auch ohne Muckis, Astrid Reutter, KölnBrühl, Mobbing,Resilienz,Anti-Mobbing Training,Familienberater,","breadcrumb":{"@id":"https://friede-freude-kindheit.de/?page_id=51#breadcrumb"},"inLanguage":"de","potentialAction":[{"@type":"ReadAction","target":["https://friede-freude-kindheit.de/?page_id=51"]}]},{"@type":"BreadcrumbList","@id":"https://friede-freude-kindheit.de/?page_id=51#breadcrumb","itemListElement":[{"@type":"ListItem","position":1,"name":"Startseite","item":"https://friede-freude-kindheit.de/"},{"@type":"ListItem","position":2,"name":"Über mich"}]},{"@type":"WebSite","@id":"https://friede-freude-kindheit.de/#website","url":"https://friede-freude-kindheit.de/","name":"Friede, Freude, Kindheit","description":"Anti-Mobbing-Training mal anders","potentialAction":[{"@type":"SearchAction","target":{"@type":"EntryPoint","urlTemplate":"https://friede-freude-kindheit.de/?s={search_term_string}"},"query-input":"required name=search_term_string"}],"inLanguage":"de"}]}</script>
<!-- / Yoast SEO plugin. -->

Über mich Friede, Freude, Kindheit Astrid Reutter, Anti-Mobbing,

Titel der Website, Kinder stärken,Stark auch ohne Muckis, Astrid Reutter, KölnBrühl, Mobbing,Resilienz,Anti-Mobbing Training,Familienberater,
